 4*v + 606 = 0, -j - 3*v + 259 + 340 = 0. Suppose 0 = -z - 4*z - 35. Is (2/(-4))/(z/j) a composite number?
False
Suppose 2*n = -4*t + 4, 4*t - 8 = -0. Is ((-1)/n + -1)*(-1 - 2597) a prime number?
False
Let w = 8711 + -5878. Is w composite?
False
Let d(f) = 3*f**2 - f - 85. Let l(r) = 3*r - 50 - 43 + 4*r**2 + 9 - 4*r. Let v(i) = -5*d(i) + 4*l(i). Is v(0) composite?
False
Suppose -4*b = -4*g - 197080, -5*g + 378229 = 5*b + 131849. Is b a composite number?
True
Suppose -4*x - 579 = 2*a + 161, -4*a = 16. Let u = x - 72. Let p = u - -490. Is p composite?
True
Suppose 1461 = -3*q - k, 0*q - 4*q - 5*k = 1937. Let n be (0 + -3)/(6/q). Suppose 4*d - 264 - n = 0. Is d composite?
False
Suppose -3*k + 8 + 7 = 0. Suppose k*y - 204 = 6*y. Let z = 227 - y. Is z a composite number?
False
Suppose -115*p + 129*p - 4102 = 0. Is p prime?
True
Let k(v) = -v**2 - 5*v + 5. Let z be k(-5). Suppose -2286 = -z*j + 1309. Is j a composite number?
False
Let j(v) = 6*v**2 - 7*v + 3. Let d(a) = -a**3 - 4*a**2 - 2*a - 2. Let k be d(-4). Suppose m + k = 4*x - 3*x, 3*m - 14 = -x. Is j(x) composite?
False
Suppose -470 - 421 = 3*h. Let g = h - -554. Is g a prime number?
True
Let z(x) = 2*x - 15. Let p be z(8). Let c = p + 2. Suppose -c*u + 7*u - 484 = 0. Is u composite?
True
Let a = -10 - -25. Suppose -10*r = -a*r + 1655. Is r prime?
True
Suppose 124 + 88 = -4*f. Let j = f + 151. Suppose -2*u + 188 + j = 0. Is u a prime number?
False
Let k(u) = 1. Let x(p) = -9*p - 3. Let v(i) = 4*k(i) - x(i). Is v(10) composite?
False
Let v be (12/(-1 + -3) - -1)*-1. Suppose -4147 = v*p - 10545. Is p a composite number?
True
Let a be -1*(-6 - -5)*(-1 + 7). Suppose a*t - 15288 = 25218. Is t prime?
False
Suppose 4*y - f - 4448 = -4*f, -2*f = 3*y - 3335. Is y a prime number?
True
Let g = -1129 - -1767. Let d = -249 + g. Is d prime?
True
Suppose -h - i = -2*h - 8, 0 = -2*h + 5*i - 7. Let p(u) = -24*u - 11. Is p(h) a composite number?
True
Let h(d) = d**3 + d**2. Let r be h(-1). Let o be r/(-7) + -1 + 3. Is o*((-754)/(-4) - 3) prime?
False
Let w(y) = -y**3 - y**2 - 2*y + 1. Let f be w(-2). Let o be (-2)/f + (-2270)/(-90). Is (155/o)/(3/15) a prime number?
True
Let o(s) be the first derivative of -3 - 5*s - 6 + 48*s**3 + 1 + 9. Is o(3) prime?
True
Suppose 0 = -r + 6*r - 30. Let u(x) = 79*x + 4 - 6 + 5 + 2. Is u(r) a composite number?
False
Suppose 2*i = -5*b - 4374, -1168 = 2*b - i + 587. Let p = b - -1715. Is p a prime number?
True
Let a = 24 + -21. Suppose -v - a = -7. Suppose 5*x - 3732 = 3*i + 1510, x - v*i = 1045. Is x composite?
False
Suppose 10*h = 49*h - 29991. Is h prime?
True
Suppose -2*q = -3*x + 26, 5*x - 30 = 2*x + 3*q. Suppose 0 = -4*j + j + x. Suppose -3*h - j*h = -455. Is h composite?
True
Let f(b) be the third derivative of b**6/360 + b**5/20 - b**4/24 - 11*b**3/6 + b**2. Let g(w) be the first derivative of f(w). Is g(-9) a composite number?
True
Is (-210)/(-20)*346/3 prime?
False
Let m = 23632 - 9489. Is m a prime number?
True
Suppose -4*x + 411806 = 34*x. Is x a prime number?
True
Let i(x) = 5*x - 5. Let c be i(-4). Suppose -66 = 5*g - 16. Is 5/c - 942/g composite?
True
Let d be (-33 + (1 - 2))*567/14. Let p = -958 - d. Is p prime?
True
Let r(x) be the second derivative of 0 - 11/2*x**2 + 5*x - 25/6*x**3. Is r(-14) a composite number?
True
Let m be (5/(30/492))/(4/250). Suppose 4*v + 6852 = 4*x + 2*v, 0 = -3*x - 2*v + m. Is x a prime number?
False
Let a(j) = 41*j**2 + 3*j + 6. Suppose 5*h - 2*x - 35 = 0, -3*h - 2*x + 7 - 2 = 0. Is a(h) a prime number?
False
Let i = -28 + 32. Suppose i*y = k + 2*y - 1231, -4*k = -4*y - 4916. Suppose -7*j = -4*j - k. Is j a composite number?
False
Let c(i) = 31 - 201*i + 174*i - 1. Is c(-7) a prime number?
False
Let g be -2 + (-9714)/10 - (-6)/15. Let y = 1912 + g. Is y composite?
True
Is 10426 - 7/(4 + -11) a composite number?
False
Is 92662/14 - (-4)/14 composite?
False
Suppose 0 = -2*z + 2*q + 14550, 4*z = -0*z - 2*q + 29088. Is z composite?
True
Let p(b) = -18*b + 40. Let t be p(16). Let j = t + 541. Is j a composite number?
False
Suppose -t - 15 = -4*f + 9*f, -6 = 5*t + 2*f. Suppose t = -7*x + 2*x + 235. Is x a composite number?
False
Suppose 30 = 4*l + 22. Suppose 4*v + p = -463, -v + 6*v + 575 = -l*p. Let c = 184 + v. Is c prime?
True
Let n be ((-3)/(-6) + 11/(-2))/(-1). Suppose -4*d + q = -4*q - 567, n*d + q - 716 = 0. Is d prime?
False
Let p(l) = 1. Let k(w) = -5*w - 911. Let b(n) = -k(n) + 2*p(n). Is b(0) prime?
False
Let o = 73 - 152. Let f = 385 - 149. Let c = f + o. Is c prime?
True
Suppose m + 13 = -3*n, 3*m = -3*n - 2*m + 7. Let p be (-1 - n)/(-1 - -2). Suppose -4*l + 1315 = p*q, -2*q + 0*q - 4*l + 538 = 0. Is q prime?
False
Let b(w) be the first derivative of -35*w**2/2 + 2*w - 12. Is b(-1) composite?
False
Let a(l) = -3*l**3 - 15*l**2 - 5*l - 12. Let h(d) = 2*d**3 + 10*d**2 + 3*d + 8. Let s(w) = 5*a(w) + 8*h(w). Let j be s(-4). Suppose -q + j = 5. Is q composite?
False
Suppose -1398084 = -55*a + 3495046. Is a a composite number?
True
Suppose x = -3*b + 3*x + 15479, -5*b + 25807 = x. Is b composite?
True
Suppose 0 = j + 4*w + w + 41, -5*j - 175 = -5*w. Let d be (44/6)/((-12)/j). Suppose d = -3*y - 2*q + 105, 3*y + 3*q = 78. Is y a composite number?
False
Let l = 22 - 11. Suppose -l = k + 2*p, 3*p + 31 = -5*k - p. Is 50 + 1 - (-5 - k) a prime number?
True
Let d(w) be the first derivative of 26*w**3/3 + 5*w**2 + w - 19. Is d(-9) a prime number?
True
Let v(a) = -37*a**3 - 5*a**2 - 4*a + 1. Suppose 4*n + y + 3 + 14 = 0, 3*y = -15. Is v(n) composite?
False
Let y(d) = 101*d**2 - 25*d + 53. Is y(-9) composite?
True
Suppose -26 = c + 2*w + 3*w, 2*w + 12 = -2*c. Let f = c - -38. Is f a composite number?
False
Suppose 3*i + 86*t - 83*t - 71778 = 0, -2*i - 3*t = -47849. Is i composite?
False
Suppose 3*n - 23 = 2*k, -k - 3*k = -5*n + 39. Let q be 5/((-105)/(-6))*n. Is -14*q/(-8)*22 composite?
True
Let z = -1472 - -879. Let b = -114 - z. Is b a composite number?
False
Let p = 4489 + -3146. Is p a prime number?
False
Let n(z) = 7*z**3 - 5*z**2 + 11*z - 6. Let q be n(4). Let u = 753 - q. Is u a prime number?
True
Suppose 6*p = 8*p - 14. Suppose -p*z + 7711 = 4*z. Is z prime?
True
Let a be 2 - 11/4 - (-10)/(-8). Is 2137 + 0*1/a a composite number?
False
Let a(s) be the third derivative of -62*s**4/3 + 71*s**3/6 - 27*s**2. Is a(-8) prime?
False
Suppose 3*u - 9 = -4*r + 7*r, 2*r - 5*u + 15 = 0. Let l be (-6)/9 + (-800)/(-3). Suppose r = -2*w + l + 16. Is w a prime number?
False
Suppose 3*x = 2*m + 1 + 3, -3 = -4*x + 5*m. Suppose x*p = 362 + 116. Is p a prime number?
True
Let i(q) = 2*q**2 + 4*q - 1. Let a be i(-3). Suppose -a*k + 2*k + 483 = 0. Let s = k - 64. Is s a prime number?
True
Let u(i) = 247*i**3 + 2*i**2 - 2*i + 1. Let n be u(1). Suppose q + n = 730. Suppose -a - 118 = -y, -5*y + 3*a = -q - 110. Is y a prime number?
False
Let l = 62949 + -742. Is l composite?
False
Let d(m) = 1490*m**2 - m + 11. Is d(2) prime?
False
Let z be ((-7)/(-6) + 26/(-39))*0. Let j(n) = -2*n**2 + 4*n + 557. Is j(z) composite?
False
Let b = 11 - 10. Is 800 + -3 + b - 1 a composite number?
False
Let h = 149 - -392. Is h prime?
True
Suppose 5*n - 8 = 2*x + 6, 2*n - 6 = x. Let w be -1 + 510 - (-3 + n). Let f = w - 295. Is f prime?
False
Let o = -8 + 14. Let t be -3 - -2 - o/(-2). Suppose -3*k + 149 = -t*k. Is k a prime number?
True
Let h(o) = 1. Let i(p) = 446*p + 30. Let j(a) = -h(a) - i(a). Is j(-5) a prime number?
False
Suppose 21*n = 2666 + 5671. Is n prime?
True
Suppose 3 + 1 = -r. Is (r - -2 - -3)/((-1)/(-499)) prime?
True
Let l(z) = 9*z - 8. Let y(g) = 2*g**2 - 5*g + 5. Let q be y(2). Is l(q) a prime number?
True
Suppose -5*g = 3*t + 2*t - 106255, 0 = -5*g - 2*t + 106261. Is g prime?
False
Let f = 1867 - -562. Is f prime?
False
Let p = -4090 - -8141. Is p a composite number?
False
Suppose 12*o = 7*o + 14020. Suppose 0 = -4*d - 3*g + o + 4098, 0 = -4*d + 3*g + 6914. Is d a composite number?
True
Suppose 78*a = 84*a - 242754. Is a a composite number?
False
Suppose -3*c - c = -128. Let x(n) = n**3 + 12*n**2 - 7*n + 15. Let a be x(-12). Let f = c + a. Is f composite?
False
Suppose 15*y - 4206 = 9*y. Is y prime?
True
Suppose 3*g = -3*k + 18, -g + 2*g = 4*k - 24. Is (-3*28/k)/((-16)/248) prime?
False
Suppose 3048 = -6*d - 3294. Let u = -150 - d. Is u a composite num